es 17 divide 8673451?
True
Does 3 divide 1219431?
True
Is 422 a factor of 1093342?
False
Is 1283208 a multiple of 254?
True
Does 353 divide 1951692?
False
Is 86 a factor of 11123848?
False
Does 34 divide 1487364?
True
Is 139 a factor of 1250309?
False
Does 57 divide 5475371?
False
Is 167119 a multiple of 60?
False
Does 110 divide 21997285?
False
Does 20 divide 2679253?
False
Does 204 divide 140889?
False
Does 7 divide 102075?
False
Does 127 divide 2570353?
True
Is 718956 a multiple of 18?
True
Is 5 a factor of 90255?
True
Is 154 a factor of 163917?
False
Is 2 a factor of 574448?
True
Is 94 a factor of 155185?
False
Does 36 divide 444852?
True
Is 10 a factor of 1526912?
False
Is 57 a factor of 1468337?
False
Does 609 divide 539547?
False
Is 582 a factor of 1620?
False
Is 1958456 a multiple of 248?
True
Is 1986525 a multiple of 27?
True
Is 140941 a multiple of 97?
True
Is 116 a factor of 28838821?
False
Is 107 a factor of 17231601?
True
Is 66010 a multiple of 5?
True
Is 3531261 a multiple of 5?
False
Is 262458 a multiple of 21?
True
Is 116 a factor of 14500?
True
Is 17 a factor of 170468?
False
Is 212 a factor of 1605357?
False
Is 145238 a multiple of 224?
False
Does 20 divide 1395?
False
Does 848 divide 236490?
False
Does 124 divide 198932?
False
Is 46550 a multiple of 133?
True
Is 45240 a multiple of 6?
True
Is 825559 a multiple of 23?
False
Does 316 divide 2239994?
False
Does 3 divide 138349?
False
Is 27048 a multiple of 28?
True
Does 12 divide 61254?
False
Is 489222 a multiple of 6?
True
Is 115 a factor of 555788?
False
Is 4585004 a multiple of 122?
True
Does 6 divide 2476962?
True
Is 127295 a multiple of 5?
True
Does 286 divide 178750?
True
Does 107 divide 83781?
True
Is 415 a factor of 1275943?
False
Is 675 a factor of 5188725?
True
Is 745070 a multiple of 43?
False
Does 68 divide 201050?
False
Is 23 a factor of 106766?
True
Is 236136 a multiple of 8?
True
Is 426944 a multiple of 32?
True
Does 109 divide 2244771?
False
Is 214788 a multiple of 7?
True
Is 7493041 a multiple of 104?
False
Does 143 divide 173075?
False
Does 8 divide 85136?
True
Does 149 divide 486260?
False
Does 9 divide 5047861?
False
Is 2 a factor of 1963301?
False
Does 43 divide 122034?
True
Is 121862 a multiple of 559?
True
Is 137368 a multiple of 14?
True
Is 3392090 a multiple of 65?
True
Is 34 a factor of 1002931?
False
Is 13 a factor of 1415210?
False
Does 2060 divide 2127212?
False
Does 1458 divide 587738?
False
Is 141627 a multiple of 51?
True
Is 116506 a multiple of 26?
True
Does 325 divide 16832?
False
Is 6 a factor of 36965?
False
Does 37 divide 89261?
False
Is 79 a factor of 541624?
True
Does 416 divide 621920?
True
Is 74 a factor of 718022?
True
Does 1115 divide 1233190?
True
Is 12 a factor of 2625420?
True
Does 21 divide 131440?
False
Is 230 a factor of 212290?
True
Is 37812 a multiple of 138?
True
Does 16 divide 62640?
True
Is 37 a factor of 25805?
False
Is 110 a factor of 338609?
False
Is 5659343 a multiple of 77?
False
Is 161044 a multiple of 145?
False
Is 1017944 a multiple of 74?
True
Is 2229771 a multiple of 2?
False
Is 658892 a multiple of 755?
False
Is 1006448 a multiple of 16?
True
Is 1738265 a multiple of 43?
False
Is 233928 a multiple of 81?
True
Is 2646 a multiple of 189?
True
Is 4054834 a multiple of 14?
True
Is 599720 a multiple of 55?
True
Does 6 divide 44184?
True
Is 34 a factor of 177208?
True
Does 123 divide 840476?
False
Is 13158 a multiple of 5?
False
Does 9 divide 277966?
False
Is 21 a factor of 175287?
True
Is 749824 a multiple of 64?
True
Does 25 divide 78275?
True
Is 45 a factor of 12185?
False
Does 413 divide 1162595?
True
Is 25 a factor of 393675?
True
Does 31 divide 76572?
False
Does 129 divide 1301148?
False
Does 259 divide 6741511?
True
Is 8906420 a multiple of 20?
True
Is 81 a factor of 776790?
True
Is 102 a factor of 3257305?
False
Is 4 a factor of 142016?
True
Is 152 a factor of 242781?
False
Is 9768 a multiple of 4?
True
Does 58 divide 3413119?
False
Is 1858475 a multiple of 941?
True
Does 150 divide 705300?
True
Is 9471 a multiple of 4?
False
Is 97 a factor of 1393890?
True
Is 264690 a multiple of 10?
True
Does 1644 divide 5257512?
True
Is 27 a factor of 299139?
False
Is 7772 a multiple of 4?
True
Is 276001 a multiple of 9?
False
Is 700337 even?
False
Does 99 divide 265815?
True
Is 326 a factor of 732474?
False
Is 6069011 a multiple of 140?
False
Does 286 divide 150150?
True
Is 1215174 a multiple of 527?
False
Is 152779 a multiple of 473?
True
Does 9 divide 15058260?
True
Is 5 a factor of 39231?
False
Does 148 divide 309616?
True
Is 196 a factor of 1447068?
True
Does 11 divide 794042?
False
Is 31723 a multiple of 12?
False
Is 156 a factor of 619320?
True
Does 108 divide 1318032?
True
Is 6790896 a multiple of 9?
True
Is 20 a factor of 706680?
True
Does 51 divide 2940558?
True
Is 24 a factor of 27402451?
False
Is 919512 a multiple of 54?
True
Is 18 a factor of 1683162?
True
Does 105 divide 858476?
False
Is 87 a factor of 293625?
True
Does 272 divide 669961?
False
Is 1935 a factor of 18435925?
False
Is 259296 a multiple of 111?
True
Is 502870 a multiple of 4?
False
Is 199255 a multiple of 408?
False
Is 45 a factor of 1521688?
False
Is 115360 a multiple of 28?
True
Is 9239010 a multiple of 165?
True
Does 278 divide 1702403?
False
Does 7 divide 14553063?
True
Is 129 a factor of 4506228?
True
Is 6293600 a multiple of 388?
False
Does 182 divide 286286?
True
Is 47 a factor of 24440?
True
Does 18 divide 50066?
False
Is 174382 a multiple of 71?
False
Is 41 a factor of 644793?
False
Does 235 divide 666225?
True
Is 525230 a multiple of 2?
True
Is 328 a factor of 3189472?
True
Is 11 a factor of 540721?
False
Is 102237 a multiple of 159?
True
Is 87332 a multiple of 44?
False
Is 12 a factor of 3856332?
True
Is 117 a factor of 195039?
True
Is 180 a factor of 1448820?
True
Is 4 a factor of 394403?
False
Does 166 divide 15106?
True
Does 12 divide 6094857?
False
Is 3592487 a multiple of 90?
False
Is 62775 a multiple of 4?
False
Is 57851 even?
False
Is 35 a factor of 16273600?
True
Does 193 divide 622618?
True
Is 25 a factor of 1029900?
True
Does 15 divide 235755?
True
Does 60 divide 1293633?
False
Is 396 a factor of 235938?
False
Is 184468 a multiple of 428?
True
Is 89 a factor of 2656828?
True
Is 1768062 a multiple of 631?
True
Is 12220512 a multiple of 671?
False
Is 542488 a multiple of 97?
False
Is 345246 a multiple of 12?
False
Does 11 divide 5618107?
True
Is 187 a factor of 717293?
False
Is 8 a factor of 1493083?
False
Is 3579517 a multiple of 32?
False
Does 213 divide 176151?
True
Is 5 a factor of 818802?
False
Does 754 divide 431805?
False
Is 4884 a multiple of 16?
False
Is 199 a factor of 147984?
False
Is 2163060 a multiple of 1220?
True
Is 27901 a multiple of 14?
False
Is 18 a factor of 278478?
True
Is 61 a factor of 2286765?
False
Is 23 a factor of 4899?
True
Is 11 a factor of 68156?
True
Is 30 a factor of 79400?
False
Does 238 divide 19586210?
True
Is 81142 a multiple of 5?
False
Is 134 a factor of 1937045?
False
Is 1519 a factor of 6154988?
True
Is 1032361 a multiple of 25?
False
Is 73 a factor of 13609390?
True
Does 669 divide 8829307?
False
Is 8118537 a multiple of 24?
False
Is 4121868 a multiple of 51?
False
Is 2330760 a multiple of 48?
False
Does 16 divide 1478308?
False
Is 214720 a multiple of 55?
True
Is 209055 a multiple of 105?
True
Is 51 a factor of 1312128?
True
Is 99288 a multiple of 6?
True
Is 17640392 a multiple of 22?
True
Does 24 divide 8475186?
False
Is 21 a factor of 6072857?
False
Is 220320 a multiple of 10?
True
Is 15 a factor of 2123886?
False
Does 5 divide 385800?
True
Does 38 divide 1649770?
True
Does 260 divide 9724781?
False
Is 69950 a multiple of 50?
True
Is 2589 a multiple of 2?
False
Does 267 divide 727295?
False
Is 120262 even?
True
Is 250178 a multiple of 340?
False
Does 515 divide 204090?
False
Is 448 a factor of 1307344?
False
Does 123 divide 1071415?
False
Is 131 a factor of 10153679?
True
Is 145 a factor of 3447665?
True
Does 67 divide 17396920?
False
Is 746549 a multiple of 23?
False
Does 73 divide 231921?
True
Does 290 divide 12531372?
False
Is 43 a factor of 518749?
False
Is 27010 a multiple of 146?
True
Is 5 a factor of 90601?
False
Is 375720 a multiple of 120?
True
Is 7 a factor of 302?
False
